5?
False
Is 7 a factor of 26430?
False
Does 54 divide 26411?
False
Is 939 a multiple of 8?
False
Does 16 divide 592?
True
Is 1426 a multiple of 78?
False
Does 58 divide 17168?
True
Is 11 a factor of 24092?
False
Does 5 divide 25?
True
Does 20 divide 7980?
True
Is 88538 a multiple of 131?
False
Is 15704 a multiple of 4?
True
Is 260 a multiple of 20?
True
Is 60 a factor of 7114?
False
Does 26 divide 118352?
True
Does 22 divide 2013?
False
Does 23 divide 357?
False
Is 43 a multiple of 43?
True
Is 144 a factor of 37394?
False
Is 2431 a multiple of 143?
True
Does 107 divide 2354?
True
Does 6 divide 390?
True
Is 48 even?
True
Is 750 a multiple of 3?
True
Is 79 a factor of 1502?
False
Does 16 divide 1375?
False
Is 2115 a multiple of 33?
False
Is 102 a factor of 15093?
False
Is 19530 a multiple of 45?
True
Is 87843 a multiple of 54?
False
Does 33 divide 562?
False
Does 209 divide 77748?
True
Is 774 a multiple of 19?
False
Is 7704 a multiple of 6?
True
Is 7 a factor of 5174?
False
Is 8988 a multiple of 42?
True
Is 1139 a multiple of 17?
True
Is 8993 a multiple of 97?
False
Is 10230 a multiple of 11?
True
Is 55 a factor of 27703?
False
Is 10 a factor of 339?
False
Is 3306 a multiple of 38?
True
Is 128 a factor of 43637?
False
Is 7587 a multiple of 38?
False
Is 218 a factor of 54278?
False
Does 5 divide 415?
True
Is 38549 a multiple of 206?
False
Does 16 divide 208?
True
Does 26 divide 92066?
True
Is 225 a multiple of 3?
True
Is 16 a factor of 944?
True
Is 9 a factor of 84?
False
Is 42848 a multiple of 13?
True
Is 120 a factor of 240?
True
Is 14 a factor of 448?
True
Is 309 a multiple of 103?
True
Is 4 a factor of 3936?
True
Is 18 a factor of 1484?
False
Is 9 a factor of 314?
False
Is 130 a factor of 42664?
False
Does 6 divide 93?
False
Is 36 a factor of 684?
True
Is 511 a multiple of 7?
True
Is 9 a factor of 108?
True
Does 117 divide 73141?
False
Does 67 divide 4747?
False
Is 3792 a multiple of 24?
True
Does 102 divide 3350?
False
Is 300 a multiple of 18?
False
Is 1333 a multiple of 12?
False
Is 490 a multiple of 4?
False
Is 5 a factor of 862?
False
Does 19 divide 1311?
True
Is 27 a factor of 2147?
False
Is 7 a factor of 4408?
False
Does 54 divide 756?
True
Is 5 a factor of 1520?
True
Does 44 divide 1481?
False
Does 6 divide 252?
True
Is 15 a factor of 51?
False
Does 32 divide 1920?
True
Is 4 a factor of 56?
True
Is 22 a factor of 1034?
True
Is 20 a factor of 59631?
False
Is 2682 a multiple of 113?
False
Does 51 divide 31263?
True
Is 313 a multiple of 10?
False
Is 15 a factor of 15?
True
Is 18 a factor of 509?
False
Is 800 a multiple of 40?
True
Is 97 a factor of 3518?
False
Does 19 divide 6578?
False
Is 10 a factor of 5910?
True
Does 10 divide 3404?
False
Is 865 a multiple of 65?
False
Does 10 divide 87922?
False
Is 22824 a multiple of 38?
False
Is 6680 a multiple of 14?
False
Is 9 a factor of 3060?
True
Does 27 divide 63369?
True
Is 45 a factor of 962?
False
Is 1911 a multiple of 21?
True
Is 6831 a multiple of 23?
True
Does 59 divide 1747?
False
Does 77 divide 21964?
False
Does 65 divide 5449?
False
Does 37 divide 725?
False
Is 17 a factor of 1331?
False
Is 19 a factor of 1938?
True
Does 80 divide 1200?
True
Is 233 a factor of 10981?
False
Does 218 divide 5089?
False
Is 1662 a multiple of 3?
True
Is 1032 a multiple of 24?
True
Is 8 a factor of 64?
True
Is 272 a multiple of 68?
True
Does 13 divide 39?
True
Does 14 divide 1918?
True
Is 167 a factor of 3525?
False
Does 12 divide 38?
False
Is 642 a multiple of 6?
True
Is 5 a factor of 695?
True
Is 87 a factor of 1756?
False
Is 59 even?
False
Does 39 divide 1482?
True
Does 24 divide 37393?
False
Does 10 divide 14490?
True
Is 5 a factor of 6884?
False
Does 33 divide 30295?
False
Does 63 divide 2772?
True
Does 7 divide 2107?
True
Does 43 divide 301?
True
Does 18 divide 25679?
False
Does 24 divide 26346?
False
Is 670 a multiple of 2?
True
Is 56 a factor of 36344?
True
Does 24 divide 984?
True
Is 10125 a multiple of 9?
True
Is 371 a multiple of 7?
True
Is 7 a factor of 392?
True
Is 13458 a multiple of 6?
True
Does 11 divide 495?
True
Is 30 a factor of 58666?
False
Is 3 a factor of 2726?
False
Does 5 divide 21024?
False
Is 59 a factor of 4012?
True
Is 25 a factor of 1467?
False
Is 495 a multiple of 15?
True
Is 162 a multiple of 116?
False
Is 420 a multiple of 35?
True
Is 18360 a multiple of 12?
True
Is 924 a multiple of 50?
False
Is 4215 even?
False
Is 30 a factor of 1560?
True
Is 34 a factor of 1138?
False
Is 4451 a multiple of 9?
False
Does 8 divide 144?
True
Is 2660 a multiple of 133?
True
Does 12 divide 6204?
True
Is 41 a factor of 11301?
False
Does 5 divide 3301?
False
Is 41975 a multiple of 176?
False
Is 18 a factor of 48193?
False
Is 18 a factor of 746?
False
Is 35174 a multiple of 43?
True
Is 582 a multiple of 36?
False
Is 569 a multiple of 48?
False
Does 18 divide 3158?
False
Is 24874 a multiple of 11?
False
Is 51 a factor of 357?
True
Does 104 divide 7204?
False
Is 13 a factor of 5252?
True
Does 15 divide 225?
True
Is 134 a multiple of 15?
False
Is 11350 a multiple of 10?
True
Is 13 a factor of 310?
False
Is 23981 a multiple of 15?
False
Is 85 a factor of 217?
False
Does 29 divide 2204?
True
Does 9 divide 16947?
True
Does 3 divide 193?
False
Is 936 a multiple of 39?
True
Is 20 a factor of 1220?
True
Does 132 divide 36564?
True
Is 14 a factor of 47922?
True
Is 10 a factor of 11830?
True
Is 34 a factor of 5100?
True
Is 18 a factor of 385?
False
Is 3 a multiple of 3?
True
Does 150 divide 67650?
True
Is 33 a factor of 2244?
True
Does 12 divide 8472?
True
Does 2 divide 615?
False
Does 6 divide 1539?
False
Is 18334 a multiple of 4?
False
Does 20 divide 25160?
True
Is 6 a factor of 7710?
True
Is 15 a factor of 17085?
True
Does 27 divide 12501?
True
Is 23 a factor of 35702?
False
Is 3270 a multiple of 7?
False
Is 45611 a multiple of 17?
True
Does 20 divide 5813?
False
Is 10 a factor of 2600?
True
Is 22 a factor of 33505?
False
Does 25 divide 6125?
True
Is 45 a factor of 289?
False
Does 15 divide 810?
True
Is 120 a multiple of 3?
True
Is 812 a multiple of 8?
False
Is 36 a factor of 2484?
True
Is 2604 a multiple of 12?
True
Is 8804 a multiple of 31?
True
Does 2 divide 1387?
False
Is 77913 a multiple of 32?
False
Does 4 divide 107?
False
Is 109 a multiple of 19?
False
Does 4 divide 292?
True
Is 4 a factor of 184?
True
Does 62 divide 3606?
False
Is 5 a factor of 1101?
False
Is 49 a factor of 3332?
True
Is 166 a factor of 77257?
False
Is 14675 a multiple of 13?
False
Is 22 a factor of 770?
True
Does 5 divide 9511?
False
Is 25 a factor of 261?
False
Is 1406 a multiple of 22?
False
Is 89906 a multiple of 22?
False
Is 5 a factor of 495?
True
Does 31 divide 327?
False
Is 34 a factor of 768?
False
Does 14 divide 37800?
True
Is 6275 a multiple of 25?
True
Is 13 a factor of 90?
False
Is 139 a factor of 29885?
True
Is 36193 a multiple of 117?
False
Does 16 divide 41265?
False
Is 48106 a multiple of 142?
False
Is 15 a factor of 12384?
False
Is 8275 a multiple of 20?
False
Is 15078 a multiple of 7?
True
Does 8 divide 44?
False
Does 26 divide 7589?
False
Does 17 divide 33065?
True
Does 21 divide 357?
True
Does 15 divide 2973?
False
Does 22 divide 1342?
True
Does 306 divide 39168?
True
Is 41 a factor of 861?
True
Is 11 a factor of 3077?
False
Does 122 divide 9419?
False
Does 33 divide 20130?
True
Does 21 divide 268?
False
Does 4 divide 28?
True
Does 39 divide 4329?
True
Is 70563 a multiple of 43?
True
Does 6 divide 678?
True
Does 10 divide 453?
False
Is 37 a factor of 111?
True
Is 18075 a multiple of 25?
True
Does 58 divide 9738?
False
Is 158 a multiple of 3?
False
Does 11 divide 458?
False
Is 60 a factor of 3598?
False
Does 9 divide 189?
True
Is 51 a factor of 20451?
True
Is 5503 a multiple of 120?
False
Is 1503 a multiple of 9?
True
Is 61 a factor of 9577?
True
Does 5 divide 530?
True
Does 99 divide 6336?
True
Does 13 divide 1235?
True
Is 65 a factor of 20865?
True
Does 249 divide 6225?
True
Is 1508 a multiple of 59?
False
Does 80 divide 3629?
False
Does 85 divide 595?
True
Is 11 a factor of 47?
False
Is 32 a factor of 9664?
True
Is 12322 a multiple of 17?
False
Is 3 a factor of 1109?
False
Is 6 a factor of 723?
False
Does 3 divide 119?
False
Does 5 divide 1350?
True
Is 4 a factor of 5692?
True
Is 104 a factor of 5512?